r + 47. Determine i(0).
47
Let s(d) = d**3 + 7*d**2 - 9*d - 2. What is s(-8)?
6
Let s(h) = h**2 + 26*h + 101. Give s(-21).
-4
Let y(k) = -k**3 + 20*k**2 - 17*k - 1. Calculate y(19).
37
Let y(s) = 10*s + 30. What is y(-8)?
-50
Let j(f) = -f**2 + 2*f + 65. Give j(-8).
-15
Let c(u) = -4*u + 4. Calculate c(-4).
20
Let y(z) = -z**3 + 9*z**2 - 11*z + 10. Calculate y(8).
-14
Let s(k) = 20*k**2 + 65*k + 10. Calculate s(-3).
-5
Let f(l) = -l**2 + 6*l + 431. Calculate f(-18).
-1
Let r(b) = -b**2 - b + 3. Calculate r(2).
-3
Let m(i) = 5*i - 98. What is m(20)?
2
Let g(x) = -11*x - 9. Determine g(-3).
24
Let w(o) = o**2 - 67*o + 1088. Calculate w(39).
-4
Let g(p) = 2*p**3 + 7*p**2 - 4*p. What is g(-2)?
20
Let w(y) = -y**3 - 7*y**2 - 5*y - 7. Calculate w(-5).
-32
Let a(i) = -i**3 + 55*i**2 - 57*i + 169. What is a(54)?
7
Let t(x) = 2*x + 1. What is t(-6)?
-11
Let h(j) = -j**2 + 14*j + 93. What is h(19)?
-2
Let h(w) = 2*w**2 + 3*w + 5. Determine h(-4).
25
Let d(b) = 5*b + 5. Determine d(-7).
-30
Let k(n) = n**3 - 4*n**2 - 7*n + 25. Calculate k(4).
-3
Let t(r) = r**2 + 32*r + 55. What is t(-28)?
-57
Let x(p) = 33*p - 1222. What is x(37)?
-1
Let x(o) = o**3 + 18*o**2 - 16*o + 56. Determine x(-19).
-1
Let n(l) = -3*l - 47. What is n(-16)?
1
Let m(c) = -c**3 + 8*c**2 + 10*c + 3. Determine m(9).
12
Let o(q) = q**3 - 8*q**2 - 10*q + 12. What is o(9)?
3
Let s(h) = -h**2 + 9*h - 22. Determine s(2).
-8
Let z(d) = -d**2 + 26. Calculate z(5).
1
Let d(z) = -z**2 + 23*z - 24. Give d(22).
-2
Let v(x) = -29*x - 2316. What is v(-80)?
4
Let b(o) = -8*o - 2. Determine b(1).
-10
Let g(k) = k**2 + 9*k - 9. Give g(-9).
-9
Let p(z) = z**3 + z**2 - 2*z - 1. What is p(-3)?
-13
Let b(j) = -3*j**2 + 19*j + 9. Give b(7).
-5
Let f(g) = 2*g**3 - 10*g**2 - g + 9. Give f(5).
4
Let a(z) = -z**3 - 10*z**2 - 6*z + 17. What is a(-9)?
-10
Let d(k) = 3*k + 13. What is d(-5)?
-2
Let p(x) = 17*x + 209. Give p(-10).
39
Let v(y) = -y**3 + 40*y**2 + 85*y - 39. Calculate v(42).
3
Let d(y) = y**3 - 11*y**2 + 10*y - 9. Determine d(10).
-9
Let q(d) = 6*d**3 - d**2 + 1. What is q(-1)?
-6
Let o(y) = -y**3 - 13*y**2 + y - 4. What is o(-13)?
-17
Let h(a) = -3*a**2 + 20*a + 4. Give h(6).
16
Let x(k) = -k**2 - 9*k - 9. Determine x(-8).
-1
Let j(n) = -2*n**2 - 1. Calculate j(-4).
-33
Let f(d) = 20*d**3 + 3*d**2 + 3*d + 1. Determine f(-1).
-19
Let q(u) = 7*u**2 - 3*u + 7. Determine q(-3).
79
Let x(a) = -2*a**2 + 7*a - 9. What is x(5)?
-24
Let g(d) = -d**2 - 23*d - 72. What is g(-19)?
4
Let q(x) = 15*x + 48. Give q(-17).
-207
Let x(p) = p**2 + 18*p + 37. What is x(-12)?
-35
Let s(m) = 7*m + 1. Determine s(3).
22
Let a(b) = -b + 8. Calculate a(-17).
25
Let i(v) = -v**3 + v**2 + 3*v - 8. What is i(0)?
-8
Let r(l) = 3*l**3 + 4*l**2 - l - 2. Calculate r(1).
4
Let w(i) = 22*i + 104. Give w(-5).
-6
Let c(m) = -29*m - 6. Give c(2).
-64
Let i(h) = -13*h**2 - h + 1. Give i(1).
-13
Let i(d) = -d**2 - 4*d + 45. Calculate i(-9).
0
Let p(d) = 13*d - 73. What is p(6)?
5
Let o(j) = j**3 + 7*j**2 - 6*j. Calculate o(-8).
-16
Let q(o) = -o**3 + 10*o**2 - 5*o + 21. Give q(10).
-29
Let y(u) = -u**2 - 16*u + 14. Determine y(-18).
-22
Let z(c) = -c**3 + c**2 + c + 86. Calculate z(0).
86
Let s(j) = j**3 - 9*j**2 - 28*j + 285. Give s(8).
-3
Let k(u) = 11*u - 14. What is k(5)?
41
Let u(m) = m**2 + m - 27. Determine u(0).
-27
Let z(h) = -8*h**3 + 3*h**2 + 7*h + 3. Calculate z(-2).
65
Let y(x) = -6*x + 144. Determine y(22).
12
Let h(m) = -12*m**2 + 3*m - 2. Give h(2).
-44
Let y(m) = -m**3 + 16*m**2 - 39*m + 16. Calculate y(13).
16
Let u(y) = 6*y - 5. What is u(0)?
-5
Let f(d) = 2*d**2 - 18*d - 17. Give f(11).
27
Let o(n) = -2*n + 1. What is o(-7)?
15
Let b(m) = -m**3 - 12*m**2 + 14*m + 11. Give b(-13).
-2
Let r(c) = -c - 43. Determine r(-14).
-29
Let h(z) = -50*z**2 - z - 1. Determine h(-1).
-50
Let i(w) = 2*w**2 - w - 2. Determine i(4).
26
Let u(t) = t**3 - 5*t**2 - 12*t + 5. What is u(6)?
-31
Let g(h) = -4*h**2 - 34*h + 14. Determine g(-9).
-4
Let u(j) = -j + 9. What is u(6)?
3
Let b(k) = -k**2 - 9*k - 7. Determine b(-13).
-59
Let n(q) = -q**3 - 7*q**2 + 12*q + 10. Calculate n(-8).
-22
Let q(k) = k**2 - 3*k - 129. Determine q(13).
1
Let a(g) = g**2 - 12*g + 3. Determine a(8).
-29
Let f(v) = v**2 + 20*v + 20. Calculate f(-17).
-31
Let l(v) = -v**2 + 10*v - 4. Calculate l(5).
21
Let x(c) = c**3 + 16*c**2 + 19*c + 18. What is x(-15)?
-42
Let b(r) = r**2 - r - 1. Determine b(-1).
1
Let q(x) = -x**3 + 8*x**2 - 2*x + 18. Determine q(8).
2
Let q(h) = -h - 13. Give q(4).
-17
Let o(w) = w**3 - 6*w**2 - 13. What is o(6)?
-13
Let r(i) = -4*i**2 + 11*i - 12. Determine r(2).
-6
Let z(m) = m**2 - m + 4. Give z(2).
6
Let c(w) = -w**3 + 5*w**2 - 8. Give c(5).
-8
Let y(g) = g**3 + 4*g**2 + 5*g + 1. Give y(-3).
-5
Let p(j) = j**3 - 21*j**2 + 21*j - 8. What is p(20)?
12
Let a(f) = -f**3 - 5*f**2 - 8*f - 4. What is a(-4)?
12
Let v(x) = 2*x**3 + x**2 + x - 14. Calculate v(0).
-14
Let v(o) = o**3 + 8*o**2 + 11*o + 15. What is v(-7)?
-13
Let c(y) = y**2 - y - 39. What is c(-5)?
-9
Let c(t) = -2*t - 3. Determine c(-6).
9
Let p(n) = -3*n + 11. Give p(5).
-4
Let o(l) = l**3 - 13*l**2 - 13*l - 7. Determine o(14).
7
Let w(s) = s**3 + 12*s**2 - 9*s + 2. Give w(-12).
110
Let q(i) = i**2 + 13*i + 35. Calculate q(-9).
-1
Let d(u) = -2*u - 99. Calculate d(-51).
3
Let b(x) = -3*x**2 + 6*x + 1. Give b(5).
-44
Let u(a) = -2*a**3 + 9*a**2 + 4*a + 12. Calculate u(5).
7
Let g(h) = 2*h**2 - 59*h + 8. What is g(30)?
38
Let s(y) = -y**3 - 17*y**2 - 4*y - 59. Calculate s(-17).
9
Let q(k) = -k**3 - 14*k**2 - 20*k + 48. Give q(-12).
0
Let t(s) = -s**2 + s + 27. Determine t(-5).
-3
Let m(q) = -q**3 + q**2 - 2*q - 3. Give m(0).
-3
Let a(s) = -s - 8. Calculate a(-17).
9
Let q(f) = f**3 + 24*f**2 + 8*f + 189. What is q(-24)?
-3
Let a(f) = -2*f**2 + 2*f + 3. Determine a(-4).
-37
Let k(c) = -c**3 + 4*c**2 - 8*c + 7. Determine k(2).
-1
Let b(f) = -f**2 - 19*f - 7. Give b(-19).
-7
Let j(o) = o**3 - o**2 - o - 13. Give j(0).
-13
Let o(x) = 4*x + 6. Determine o(-8).
-26
Let b(n) = n**2 + 5*n + 7. Give b(-7).
21
Let y(k) = 5*k + 85. What is y(-14)?
15
Let o(j) = -j**3 + 14*j**2 + 16*j - 14. What is o(15)?
1
Let i(s) = 4*s**2 - s + 1. Calculate i(-2).
19
Let j(y) = -y**3 - 8*y**2 + y + 17. What is j(-8)?
9
Let y(h) = 5*h**2 - 3*h - 1. What is y(3)?
35
Let x(s) = -s**2 - 31*s + 33. What is x(-32)?
1
Let q(b) = -4*b - 12. Calculate q(-10).
28
Let j(q) = 5*q**2 - 8*q - 4. Give j(2).
0
Let o(i) = -27*i**2 - i. Calculate o(-1).
-26
Let q(z) = z**3 + 12*z**2 - 29*z + 8. Determine q(-14).
22
Let u(a) = -2*a**2 + 79*a - 246. Calculate u(36).
6
Let t(p) = 249*p + 739. What is t(-3)?
-8
Let m(s) = -11*s + 106. What is m(10)?
-4
Let o(a) = -a**3 + 5*a**2 + 12*a - 10. Give o(6).
26
Let v(w) = 10*w**3 - 2*w + 2. Calculate v(1).
10
Let f(a) = -a**3 + 62*a**2 - 62*a + 54. Calculate f(61).
-7
Let x(c) = c**3 - 28*c**2 + 31*c - 97. What is x(27)?
11
Let x(k) = -2*k**2 + 13*k + 22. Determine x(8).
-2
Let t(n) = n**3 + 4*n**2 + 3*n. What is t(-4)?
-12
Let p(b) = -b - 4. What is p(-3)?
-1
Let i(a) = -a + 4. Determine i(-8).
12
Let v(j) = j**3 + 7*j**2 + 4*j - 15. Determine v(-6).
-3
Let k(x) = x + 45. Calculate k(-9).
36
Let l(z) = 3*z**2 + 12*z - 6. What is l(0)?
-6
Let c(n) = 2*n + 51. Determine c(-31).
-11
Let y(u) = u**2 - 2*u + 36. What is y(0)?
36
Let y(m) = -2*m**2 + 33*m - 28. Give y(16).
-12
Let x(f) = f**2 + 3*f - 17. Calculate x(-7).
11
Let y(v) = -9*v**2 + 4*v + 5. What is y(-3)?
-88
Let s(y) = 18*y + 100. Determine s(-5).
10
Let t(l) = l**3 - 7*l**2 + 3*l - 24. What is t(7)?
-3
Let b(p) = 6*p - 69. What is b(7)?
-27
Let m(b) = -b + 2. What is m(-3)?
5
Let o(i) = -i**3 - 4*i**2 - 5*i + 4. Calculate o(-4).
24
Let l(w) = -w + 3. What is l(-7)?
10
Let l(d) = d**3 - 19*d**2 - 20*d. Calculate l(20).
0
Let z(n) = 3*n**2 - 40*n + 49. Calculate z(12).
1
Let y(c) = -3*c**2 + 23*c - 36. Give y(6).
-6
Let y(z) = -z**2 - 18*z + 8. Calculate y(-18).
8
Let x(t) = -t**2 + 26*t - 113. Calculate x(20).
7
Let o(l) = l - 1. Determine o(-5).
-6
Let w(y) = 5*y**2 + 2*y - 1. Determine w(2).
23
Let w(u) = u**2 + 21*u + 105. Calculate w(-7).
7
Let x(s) = 5*s - 23. What is x(8)?
17
Let z(w) = -9*w - 4. What is z(12)?
-112
Let g(q) = q**3 - 13*q**2 - 17*q + 39. What is g(14)?
-3
Let k(b) = -b**3 + 2*b**2 + 12*b - 23. Dete